t is the greatest common divisor of 125651511 and 738?
369
What is the highest common factor of 7124 and 208843622?
3562
What is the highest common divisor of 5070492 and 9234?
1026
Calculate the greatest common divisor of 96 and 755820.
12
What is the highest common divisor of 12283146 and 16029?
1233
What is the greatest common factor of 38110 and 61420?
370
What is the highest common factor of 135801484 and 152867?
13897
Calculate the highest common factor of 546 and 2071056.
78
What is the highest common divisor of 347294054 and 106?
106
What is the greatest common divisor of 5316772 and 92?
92
What is the greatest common divisor of 2465 and 121655?
145
What is the greatest common factor of 423 and 4934436?
141
Calculate the greatest common divisor of 680 and 14629044.
68
Calculate the greatest common divisor of 1556251 and 3.
1
Calculate the highest common factor of 3177 and 184447089.
3177
What is the greatest common divisor of 679328 and 3254569?
1633
What is the greatest common factor of 4842430 and 1?
1
What is the greatest common divisor of 551521 and 18228?
31
Calculate the highest common divisor of 25229699 and 1111.
1111
What is the greatest common factor of 177307 and 54119?
299
Calculate the greatest common factor of 18611 and 1537054.
37
What is the highest common factor of 147 and 33953955?
21
Calculate the greatest common factor of 204 and 1030944.
12
Calculate the highest common divisor of 116790 and 123202.
458
What is the highest common divisor of 2256 and 17705676?
12
What is the highest common divisor of 42229 and 1884949?
3839
What is the highest common factor of 37649422 and 20242?
698
What is the highest common factor of 420363430 and 8444?
4222
What is the highest common factor of 21099 and 2535?
39
What is the greatest common factor of 1438250 and 2049637?
523
What is the greatest common factor of 1579332 and 744?
12
What is the greatest common factor of 268278156 and 6?
6
What is the greatest common divisor of 348 and 14760884?
116
Calculate the highest common factor of 626 and 1447176471.
313
What is the highest common factor of 914085 and 308538?
549
Calculate the highest common factor of 184 and 8061968.
8
What is the highest common divisor of 279 and 10371639?
93
Calculate the greatest common factor of 8894502 and 1836.
918
Calculate the greatest common factor of 1294966 and 10222.
538
What is the highest common factor of 92957 and 44?
1
Calculate the greatest common divisor of 14204450 and 11726.
1066
Calculate the highest common factor of 170 and 91150838.
34
What is the highest common divisor of 93891 and 219198?
357
Calculate the greatest common factor of 20473 and 487458.
59
Calculate the greatest common divisor of 112 and 8709862.
14
What is the highest common factor of 36 and 227090556?
36
What is the greatest common factor of 35015770 and 70?
10
What is the highest common factor of 25355159 and 29?
1
What is the greatest common factor of 6841729 and 1026?
19
What is the highest common factor of 74602185 and 28755?
1065
Calculate the highest common factor of 197 and 278866699.
197
What is the highest common divisor of 42788422 and 34?
34
What is the highest common factor of 29160 and 5528400?
120
What is the highest common factor of 495 and 3592985?
55
Calculate the highest common divisor of 264 and 15034668.
132
Calculate the highest common factor of 400 and 12018200.
200
Calculate the highest common factor of 1357 and 1688591.
23
What is the greatest common divisor of 177287 and 9761?
227
What is the greatest common divisor of 20695405 and 2020?
505
What is the greatest common divisor of 128055492 and 1388?
1388
What is the highest common divisor of 76461 and 3060757?
2317
What is the highest common divisor of 48852 and 11898?
18
What is the greatest common factor of 233859 and 129?
3
What is the greatest common factor of 1357824 and 31200?
1248
What is the greatest common divisor of 403 and 171420041?
13
What is the highest common divisor of 54252312 and 6432?
1608
Calculate the highest common divisor of 7316736 and 16.
16
What is the highest common factor of 232285 and 160?
5
What is the greatest common factor of 525370 and 18190?
1070
What is the greatest common factor of 44 and 428021660?
44
Calculate the highest common factor of 134829 and 425376.
1899
What is the greatest common divisor of 2 and 63413251?
1
What is the greatest common factor of 6120 and 111728?
8
What is the greatest common factor of 4322529454 and 62?
62
What is the highest common factor of 8134 and 2709784?
1162
What is the greatest common divisor of 1236 and 40548010?
206
What is the highest common factor of 2859 and 15306133?
953
Calculate the highest common factor of 4691020 and 530.
10
What is the highest common factor of 216 and 38117412?
108
What is the highest common factor of 41820 and 1661730?
1230
What is the highest common divisor of 31787 and 3099033?
133
What is the highest common factor of 77336361 and 153?
9
What is the highest common factor of 1101 and 1908858383?
367
What is the highest common factor of 112653676 and 362?
362
Calculate the greatest common divisor of 12 and 188566212.
12
What is the highest common divisor of 33593077 and 42352?
2647
What is the highest common divisor of 4288 and 33590784?
64
Calculate the greatest common factor of 29616081 and 66.
33
Calculate the greatest common factor of 50996088 and 507.
507
What is the highest common divisor of 56110406 and 356?
178
Calculate the highest common divisor of 405 and 5127135.
15
What is the greatest common divisor of 4905027 and 1647?
9
Calculate the greatest common divisor of 19 and 5002442265.
19
What is the greatest common factor of 4904 and 336007368?
4904
What is the highest common divisor of 207 and 1269639?
9
Calculate the highest common divisor of 14 and 25595822.
14
What is the greatest common divisor of 3915 and 654435?
45
What is the highest common divisor of 15536 and 2672?
16
Calculate the greatest common divisor of 25 and 145379425.
25
Calculate the greatest common divisor of 2 and 9298924.
2
Calculate the highest common divisor of 2001 and 13157097.
87
What is the highest common divisor of 912 and 168528?
48
Calculate the greatest common factor of 3106785 and 11055.
165
What is the highest common factor of 3196 and 577536?
188
Calculate the highest common divisor of 700 and 221175.
25
Calculate the highest common factor of 64748630 and 49750.
1990
Calculate the highest common divisor of 1454 and 47385860.
1454
What is the highest common divisor of 473500 and 50?
50
Calculate the highest common divisor of 236 and 16652396.
236
What is the greatest common factor of 8326141 and 901?
901
What is the greatest common divisor of 6102 and 3072?
6
What is the greatest common factor of 336 and 5061252?
84
Calculate the greatest common divisor of 31 and 13987696.
31
What is the greatest common divisor of 850 and 76959?
17
What is the greatest common factor of 718509371 and 89?
89
Calculate the highest common divisor of 1751336 and 4.
4
What is the greatest common divisor of 397 and 576129576?
397
Calculate the greatest common factor of 181816 and 88.
8
What is the greatest common divisor of 20888417 and 1655?
331
Calculate the greatest common divisor of 3024036 and 247476.
6036
What is the highest common divisor of 17116015 and 70?
35
What is the greatest common factor of 562304378 and 860?
86
Calculate the greatest common factor of 522982 and 10900.
218
What is the highest common divisor of 103 and 329042358?
103
Calculate the greatest common divisor of 36408508 and 868.
124
What is the greatest common divisor of 60275136 and 384?
192
Calculate the highest common factor of 22 and 12223079.
11
What is the highest common factor of 3142264 and 424?
424
Calculate the highest common divisor of 4017131040 and 948.
948
Calculate the greatest common divisor of 6315380 and 87620.
6740
What is the greatest common factor of 16005 and 5429963?
1067
What is the highest common divisor of 568115552 and 48?
16
Calculate the greatest common factor of 3388 and 90799324.
308
Calculate the greatest common factor of 148 and 425292.
4
What is the greatest common factor of 198622176 and 96?
96
Calculate the greatest common divisor of 3419 and 147657142.
263
